5)). Let a(n) = n**2 - 5*n + 6. Let b be a(f). Suppose b = -5*w + 15, 3*w + 126 = v + 2*w. Is v a composite number?
True
Suppose 34*p - 42*p = -37304. Is p composite?
False
Let q = 3734 + -2120. Suppose 0 = -5*o + 11*o - q. Is o composite?
False
Suppose 3*t - 23018 + 3185 = 0. Is t a prime number?
False
Suppose -695 = 5*h - 7005. Is h composite?
True
Let d = -18 + 21. Suppose -d*g + 455 = 2*n + 2*g, 3*n - 720 = 5*g. Is n a composite number?
True
Suppose -3*w - 6 = 5*n - 2, w = 2. Let z(i) = -214*i**3 + 3*i**2 + 3*i. Let y be z(n). Suppose -40 = -6*u + y. Is u prime?
True
Is 2/8 - ((-576136)/32)/11 prime?
True
Let a(l) = 3*l - 5. Let u be a(3). Let t = u + -1. Is (1 - 0)*69/t a prime number?
True
Let o(d) = -4*d + 12 - 7*d + 31*d**2 - 11 + 18. Is o(6) a prime number?
True
Suppose 5*f = 3*c + 4392, -36*f + 880 = -35*f + c. Is f composite?
True
Suppose 2024 - 179 = 15*d. Is d composite?
True
Suppose 16*a - 7*a - 22347 = 0. Is a composite?
True
Let i(n) = 2*n**2 - 12*n + 2. Let h be i(6). Suppose -5*l + 5513 = 5*o - 257, -1163 = -l + h*o. Is l a composite number?
True
Let s = -31 + 22. Is s/6*-2 - -16 composite?
False
Suppose -2*a - 14 + 6 = 0. Let h be 6/((-14)/a + -2). Is (101/h)/(1/8) a composite number?
True
Let j = 2165 - 1006. Let q be (-2 + -523 - -1) + 0. Let b = q + j. Is b a composite number?
True
Is (-1*2)/(-10 - 138852/(-13887)) composite?
False
Suppose 0*i = -6*i + 792. Let x = 1864 - 1053. Let w = x - i. Is w a prime number?
False
Let r = 2691 + -1383. Suppose -5833 = -5*n - r. Is n a composite number?
True
Suppose -4*b - 3*x - 20 + 5 = 0, -7 = 3*b - 2*x. Is b/(-12)*2*526 a composite number?
False
Let a(p) = p + 14. Let y be a(-10). Suppose -1 = -2*x + 1, 4*x = -y*u + 4. Suppose 0*s = 2*f + 3*s - 379, u = 2*f + 4*s - 378. Is f prime?
True
Suppose -5*j + 59910 = 4*c, c + 5*j - 14970 = -0*c. Let q = -8035 + c. Is 8/(-36) + q/27 a prime number?
True
Suppose 4*r = 139 + 93. Let g(o) = -o - 9. Let u be g(-12). Suppose -p + u*b = -24 - 31, 4*b = p - r. Is p a composite number?
True
Suppose -2*d = 3*d - 30. Let l be (-477)/2*(-8)/d. Suppose -l = s - 4*s. Is s composite?
True
Suppose -5*o = 5*a - 16970, -4*o + 6295 - 23220 = -5*a. Is a a composite number?
False
Let z = -542 + 2641. Is z a prime number?
True
Suppose 2*u = -2*g + 2390, -3*g + 1196 = u - g. Suppose u = 3*p - l, p = -5*l + l + 385. Is p a prime number?
True
Let p(o) = -o**2 + 10*o + 12. Let d be p(10). Let a(r) = 9*r**2 + 10*r + 1. Let t be a(d). Suppose q - 1 = 0, -b = -5*b - 5*q + t. Is b prime?
True
Suppose -4*s = 5*n - 200723, -26*n - s = -25*n - 40145. Is n composite?
True
Suppose 0 = 2*i - o + 720, -5*i + 3*o + 2*o - 1810 = 0. Let r = 429 - i. Is r a composite number?
False
Suppose 5*q = 25 + 30. Let y(l) = -q*l**2 + 17*l**2 + 2 - 1 + 11*l**2 - 5*l. Is y(-7) a composite number?
True
Let s = -77028 - -113551. Is s a composite number?
False
Let p = -6 - -9. Suppose -r = -5, p*l + 3*r - 4490 = 541. Suppose 0 = i + i - 8, -4*c = -i - l. Is c composite?
False
Let u(g) = -722*g - 279. Is u(-23) a composite number?
True
Let n = 15 - 6. Let p(d) = 2*d**2 + 5*d + 6. Is p(n) a composite number?
True
Suppose 4*c = 5*p + 25701, 0 = -4*p - 3*c - 10044 - 10492. Let u = 9080 + p. Is u a prime number?
True
Let n(c) be the first derivative of -c**3/3 - 3*c**2/2 + c + 2. Let k be n(-5). Let p = k - -158. Is p a composite number?
False
Suppose -4*w + 79 = -29. Let h = -16 - 131. Is (-18)/w*h/2 a composite number?
True
Suppose -30083 + 263753 = 10*v. Is v a prime number?
False
Let j(k) = -220*k + 16. Let i be j(-3). Let v = i - -493. Is v a prime number?
False
Let z(c) = -7*c**2 - 3*c - 10. Let b be z(8). Is 3 - (5 + -9)/((-4)/b) a composite number?
True
Suppose -441*d + 439*d + 20534 = 0. Is d a prime number?
True
Suppose -b + 4*b = 4*k + 626, 3*k - 5*b = -475. Let l = 30 - k. Let c = l - -18. Is c prime?
False
Let n(q) = -q**2 + 8*q + 9. Let x be n(10). Let j = 13 + x. Suppose 2*a + 0*a - 3*g = 249, 0 = 2*g + j. Is a a prime number?
False
Let j(m) = 14*m**2 - m - 4. Let x be j(-2). Let k = 109 - x. Is k prime?
False
Let d be (-24)/(-9) + (-6)/9 - 651. Let o = d + 1134. Is o prime?
False
Suppose 53*s = 46*s + 92687. Is s a composite number?
False
Let m be 3/12 - (-28)/16. Suppose -2*d + 3*i = -2227, -d = i + m*i - 1118. Is d prime?
False
Let k(x) = -x - 3. Let r be k(-6). Suppose 0 = -r*a - 23 + 8. Let c(g) = 3*g**2 + 2*g - 3. Is c(a) a composite number?
True
Let h = 141 - 136. Suppose -9 = 4*g - 25. Suppose -w + 1181 = -h*x + 269, w - g*x = 911. Is w a composite number?
False
Let k(h) = 39*h**3 + 2*h**2 - 2. Let f be k(1). Let t be (-4 + f/6)*1082. Suppose -2*l = -7*l + t. Is l composite?
False
Suppose b + a = 9000, -2*a - 1562 - 7429 = -b. Is b composite?
True
Suppose 150 = 22*l - 17*l. Let o = l - -19. Is o prime?
False
Is 21/(-14)*(-10146)/9 prime?
False
Suppose -5*k + 61992 = 4*n, -112*k - 62016 = -4*n - 111*k. Is n a prime number?
False
Let n(y) = 6131*y + 6. Let a be n(-1). Let t = a - -9308. Is t prime?
False
Let s(g) = 3*g**2 + 21*g - 19. Suppose -2*p + 61 = 2*v - 7*v, -53 = 4*v - 3*p. Is s(v) composite?
False
Let l be -2*(441/(-6))/7. Let v = l - 19. Suppose 0 = v*c - 3*c + 211. Is c a prime number?
True
Let a(j) = j**3 + 67*j**2 + 13*j - 29. Is a(-60) a composite number?
False
Suppose 3*q + 103799 = 26*q. Is q prime?
True
Let s(w) = 1497*w - 16. Is s(1) prime?
True
Let f = 137 - 134. Let l = 3 - 0. Suppose 0 = 2*h - r - 4630, l*h + f*r = 3101 + 3862. Is h a prime number?
False
Suppose 8*h = 32179 + 62373. Is h prime?
False
Let s(f) = -f + 1. Let y be (3 - -3)/2 - -2. Let d be s(y). Is 57/(-2*d/8) a prime number?
False
Let i(z) = 8*z**2 + 6*z + 1. Let v be i(-2). Let j be 2 + 1565/(-2 + 1). Is (j/(-9))/(7/v) prime?
True
Suppose 3*v = -15, 6*l - 7*l + 4*v = -6489. Is l composite?
False
Suppose -4*p + 0*p - 18332 = 0. Let j = p + 6916. Is j composite?
False
Suppose 8 = j + g, 3*g = -5*j + 7*g - 5. Suppose c + j*c - 2*t = 448, 3*c = 5*t + 329. Let y = 244 - c. Is y prime?
True
Let o be (-478)/(-4)*16/2. Suppose -1228 = 6*l + o. Is (l/8)/((-2)/4) a prime number?
False
Let b be 13 - (-5 - -4 - -3). Suppose 10402 = b*s + 3*s. Is s prime?
True
Let d = -24 + 26. Suppose d*o = 321 + 761. Is o composite?
False
Let f(o) = -o**3 + 12*o**2 + 22*o - 17. Let q be f(16). Let u = 932 - q. Is u prime?
True
Let x = 6153 - 3690. Is x a composite number?
True
Let b = 15996 + -6425. Is b a composite number?
True
Let p(n) = 2*n + 20. Let g be p(-5). Suppose g*t = -0*t + 15610. Is t a prime number?
False
Suppose 2*w + 16 = -2*w. Let d(k) = -2*k**3 + 2*k**2 - 9*k - 5. Is d(w) prime?
True
Let x = 18 - -2. Is (4 - 2)*7870/x composite?
False
Let r be (-4)/14 + 104/(-28). Let p = -14 - r. Let l = p + 17. Is l composite?
False
Suppose -7*b + 14 = -0*b. Let i be (1 - 0) + 825*1. Suppose -b*k = -4*k + i. Is k a prime number?
False
Let i be 0 + (-2 - -4 - 586). Let h = i - -939. Suppose 3*p + 2*p = h. Is p a composite number?
False
Suppose -2*k + 2*j + 16662 = 0, 2*k = -2*j + 5*j + 16666. Is k a prime number?
False
Let c = 215 + -139. Suppose 73*k = c*k - 3579. Is k a composite number?
False
Suppose 0 = -2*b + 93 + 127. Let l = 237 - b. Is l prime?
True
Let x = 2455 - 1046. Is x prime?
True
Let y(l) = 0*l + 2*l + 2*l**2 - 3*l + 13 - l**2. Is y(0) prime?
True
Is (-1 - -5) + 51*(-2151)/(-9) a composite number?
True
Let v = 0 - -3. Let x(h) = -2*h + 3*h**2 + 3*h**3 - 1 - 2*h**2 + 0*h**2. Is x(v) a prime number?
True
Is (-8)/(-56) + (-147752)/(-28) composite?
True
Let j be 1 + 16/4 - -15. Suppose 10*w - j*w + 34550 = 0. Is w a prime number?
False
Suppose 6*a - 3*a + 3 = 0. Let w be (-3 + -3 + 1)/a. Suppose -l = -w*l + 872. Is l prime?
False
Suppose -n + 4*f - 296 = n, 3*n - 2*f + 456 = 0. Let g = n + 359. Let v = g - 116. Is v a prime number?
True
Suppose v + 16 = 4*b, 2*b - 2*v - 2*v = -6. Is 2857*1 - (b + 2 - 11) a prime number?
True
Is (33 - 949)*(-5)/2 + 1 composite?
True
Let n = 24 + -18. Let o = n - 5. Is o*-3 - 2830/(-5) a composite number?
False
Let p = 106 + -192. Let b = p + 178. Let v = -1 + b. Is v a prime number?
False
Let t = 507 + -1487. Let h be (1/2)/((-10)/t). Let d = -18 + h. Is d composite?
False
Suppose -2*n - 14 = -4, 5*l - 2*n - 125 = 0. Let v = l - 19. Is 0 - -304 - (v + -7) prime?
True
Le